undreds digit of 761?
7
What is the tens digit of 903?
0
What is the thousands digit of 8246?
8
What is the tens digit of 256?
5
What is the hundreds digit of 75251?
2
What is the thousands digit of 1828?
1
What is the tens digit of 2674?
7
What is the tens digit of 3072?
7
What is the units digit of 1706?
6
What is the hundreds digit of 192?
1
What is the units digit of 264?
4
What is the tens digit of 6509?
0
What is the thousands digit of 1008?
1
What is the hundreds digit of 430?
4
What is the ten thousands digit of 109957?
0
What is the hundreds digit of 82139?
1
What is the tens digit of 3596?
9
What is the tens digit of 109428?
2
What is the tens digit of 6431?
3
What is the tens digit of 9191?
9
What is the hundreds digit of 13034?
0
What is the tens digit of 372?
7
What is the hundreds digit of 4497?
4
What is the hundreds digit of 80644?
6
What is the tens digit of 1148?
4
What is the units digit of 6?
6
What is the thousands digit of 11069?
1
What is the tens digit of 1384?
8
What is the hundreds digit of 7982?
9
What is the tens digit of 114043?
4
What is the hundreds digit of 3808?
8
What is the units digit of 9656?
6
What is the units digit of 7063?
3
What is the units digit of 5562?
2
What is the units digit of 5201?
1
What is the ten thousands digit of 43119?
4
What is the tens digit of 118800?
0
What is the ten thousands digit of 16260?
1
What is the tens digit of 15907?
0
What is the units digit of 630?
0
What is the hundreds digit of 796?
7
What is the hundreds digit of 16624?
6
What is the hundreds digit of 4731?
7
What is the tens digit of 819?
1
What is the hundreds digit of 2491?
4
What is the thousands digit of 75961?
5
What is the units digit of 6058?
8
What is the units digit of 59595?
5
What is the hundreds digit of 2933?
9
What is the hundreds digit of 77618?
6
What is the tens digit of 11095?
9
What is the hundreds digit of 204493?
4
What is the units digit of 22999?
9
What is the ten thousands digit of 52998?
5
What is the thousands digit of 3704?
3
What is the units digit of 2615?
5
What is the thousands digit of 1140?
1
What is the hundreds digit of 8794?
7
What is the tens digit of 459?
5
What is the units digit of 304?
4
What is the tens digit of 6158?
5
What is the hundreds digit of 38153?
1
What is the hundreds digit of 971?
9
What is the tens digit of 66?
6
What is the units digit of 13848?
8
What is the hundreds digit of 4836?
8
What is the tens digit of 18064?
6
What is the thousands digit of 20469?
0
What is the hundreds digit of 106530?
5
What is the units digit of 1875?
5
What is the units digit of 69357?
7
What is the units digit of 123?
3
What is the units digit of 47310?
0
What is the hundreds digit of 448?
4
What is the hundreds digit of 8893?
8
What is the hundreds digit of 2892?
8
What is the thousands digit of 9515?
9
What is the hundreds digit of 83614?
6
What is the hundreds digit of 772?
7
What is the units digit of 1108?
8
What is the tens digit of 2056?
5
What is the tens digit of 2648?
4
What is the hundreds digit of 1002?
0
What is the hundreds digit of 9290?
2
What is the thousands digit of 90839?
0
What is the units digit of 366?
6
What is the hundreds digit of 1246?
2
What is the hundreds digit of 1227?
2
What is the thousands digit of 1996?
1
What is the tens digit of 1782?
8
What is the hundreds digit of 78360?
3
What is the hundreds digit of 29112?
1
What is the tens digit of 319?
1
What is the hundred thousands digit of 111901?
1
What is the units digit of 1518?
8
What is the units digit of 75193?
3
What is the tens digit of 1439?
3
What is the tens digit of 611?
1
What is the units digit of 853?
3
What is the units digit of 23837?
7
What is the ten thousands digit of 109470?
0
What is the hundreds digit of 45124?
1
What is the tens digit of 3554?
5
What is the units digit of 22849?
9
What is the tens digit of 4202?
0
What is the hundred thousands digit of 173691?
1
What is the hundreds digit of 40214?
2
What is the ten thousands digit of 19491?
1
What is the ten thousands digit of 18664?
1
What is the hundreds digit of 213?
2
What is the tens digit of 4188?
8
What is the tens digit of 4091?
9
What is the hundreds digit of 4534?
5
What is the hundreds digit of 3932?
9
What is the hundreds digit of 7992?
9
What is the units digit of 1797?
7
What is the units digit of 12306?
6
What is the hundreds digit of 13956?
9
What is the hundreds digit of 535?
5
What is the units digit of 2694?
4
What is the units digit of 2065?
5
What is the thousands digit of 13941?
3
What is the thousands digit of 5270?
5
What is the hundreds digit of 2687?
6
What is the hundreds digit of 4188?
1
What is the units digit of 1546?
6
What is the tens digit of 35870?
7
What is the thousands digit of 6242?
6
What is the tens digit of 3124?
2
What is the units digit of 8593?
3
What is the hundreds digit of 1970?
9
What is the units digit of 4140?
0
What is the tens digit of 41974?
7
What is the ten thousands digit of 139282?
3
What is the thousands digit of 2345?
2
What is the units digit of 734?
4
What is the ten thousands digit of 53202?
5
What is the tens digit of 17224?
2
What is the units digit of 59?
9
What is the thousands digit of 152815?
2
What is the tens digit of 2282?
8
What is the tens digit of 25751?
5
What is the units digit of 3005?
5
What is the thousands digit of 12764?
2
What is the hundreds digit of 2426?
4
What is the tens digit of 15430?
3
What is the hundreds digit of 876?
8
What is the hundreds digit of 29159?
1
What is the hundreds digit of 6260?
2
What is the tens digit of 23466?
6
What is the units digit of 22116?
6
What is the hundreds digit of 1308?
3
What is the units digit of 2095?
5
What is the units digit of 970?
0
What is the ten thousands digit of 39202?
3
What is the units digit of 947?
7
What is the hundreds digit of 550?
5
What is the units digit of 15582?
2
What is the thousands digit of 4874?
4
What is the hundreds digit of 34326?
3
What is the hundred thousands digit of 124329?
1
What is the ten thousands digit of 15443?
1
What is the tens digit of 160699?
9
What is the units digit of 2793?
3
What is the hundreds digit of 67459?
4
What is the tens digit of 19089?
8
What is the thousands digit of 2126?
2
What is the tens digit of 605?
0
What is the thousands digit of 34018?
4
What is the hundreds digit of 15249?
2
What is the units digit of 6507?
7
What is the hundreds digit of 4431?
4
What is the tens digit of 11001?
0
What is the tens digit of 7408?
0
What is the thousands digit of 22064?
2
What is the units digit of 38?
8
What is the hundreds digit of 219?
2
What is the tens digit of 2703?
0
What is the thousands digit of 170212?
0
What is the units digit of 29958?
8
What is the hundreds digit of 15360?
3
What is the hundreds digit of 128?
1
What is the hundreds digit of 10612?
6
What is the units digit of 3954?
4
What is the tens digit of 840?
4
What is the tens digit of 56609?
0
What is the units digit of 196?
6
What is the hundreds digit of 9016?
0
What is the thousands digit of 57755?
7
What is the tens digit of 3909?
0
What is the units digit of 2368?
8
What is the thousands digit of 3163?
3
What is the tens digit of 31018?
1
What is the thousands digit of 2366?
2
What is the tens digit of 2507?
0
What is the units digit of 5813?
3
What is the units digit of 25457?
7
What is the hundreds digit of 924?
9
What is the thousands digit of 2928?
2
What is the tens digit of 89280?
8
What is the tens digit of 76824?
2
What is the hundreds digit of 27657?
6
What is the tens digit of 1942?
4
What is the units digit of 2207?
7
What is the tens digit of 29669?
6
What is the tens digit of 22965?
6
What is the hundreds digit of 56925?
9
What is the tens digit of 1878?
7
What is the units digit of 1467?
7
What is the tens digit of 82855?
5
What is the tens digit of 752?
5
What is the units digit of 21?
1
What is the hundreds digit of 2089?
0
What is the units digit of 476?
6
What is the thousands digit of 17825?
7
What is the tens digit of 1056?
5
What is the tens digit of 1445?
4
What is the hundreds digit of 3773?
7
What is the hundreds digit of 1936?
9
What is the units digit of 60970?
0
What is the thousands digit of 1228?
1
What is the tens digit of 1569?
6
What is the un